9
What is the highest common factor of 23709 and 6594489?
3387
Calculate the highest common divisor of 18564 and 1855308.
1092
Calculate the greatest common factor of 5563102 and 690.
46
What is the highest common factor of 5738 and 2585273?
19
What is the highest common factor of 12765 and 25260?
15
Calculate the greatest common factor of 11329238 and 698.
698
Calculate the greatest common divisor of 5248597 and 311678.
1513
Calculate the greatest common divisor of 8954 and 508882.
22
Calculate the highest common factor of 84 and 38251094.
14
Calculate the highest common factor of 700603 and 230.
23
Calculate the highest common divisor of 70 and 3257282.
14
Calculate the greatest common divisor of 4196 and 56443543.
1049
What is the highest common factor of 64467 and 5588793?
4959
What is the highest common factor of 15264 and 137577824?
1696
What is the highest common factor of 12361 and 8974133?
47
What is the greatest common divisor of 337476990 and 2010?
2010
Calculate the greatest common factor of 30 and 1120330.
10
What is the highest common divisor of 596823 and 174?
3
Calculate the highest common divisor of 343 and 284494833.
343
What is the highest common factor of 1113 and 34487418?
1113
What is the highest common divisor of 126618 and 8305602?
2694
What is the highest common factor of 262531 and 901?
17
Calculate the highest common divisor of 26 and 185807505.
13
What is the greatest common divisor of 2128165 and 54665?
1885
Calculate the highest common divisor of 893241 and 2403.
27
Calculate the highest common divisor of 72519966 and 16215.
3243
What is the highest common divisor of 1532 and 11038443?
383
Calculate the greatest common divisor of 123 and 939377691.
123
Calculate the greatest common divisor of 47538837 and 15399.
531
What is the highest common factor of 22768 and 27416?
8
What is the highest common divisor of 376 and 38122358?
94
What is the highest common divisor of 327342 and 50879?
613
What is the greatest common divisor of 694921 and 5509?
787
What is the greatest common factor of 515527 and 39216?
817
What is the greatest common factor of 158877 and 5868441?
1251
Calculate the greatest common factor of 2270608283 and 79.
79
Calculate the highest common factor of 16211274 and 18170.
3634
Calculate the highest common factor of 2520 and 26917200.
360
What is the greatest common factor of 326250 and 1682?
58
What is the highest common divisor of 194351265 and 4761?
207
What is the greatest common divisor of 36736 and 465752?
56
What is the highest common factor of 19617519 and 57?
57
What is the highest common divisor of 72651 and 357?
3
What is the highest common divisor of 442141 and 106323?
581
Calculate the greatest common divisor of 4042 and 540406.
94
What is the greatest common factor of 2016 and 2394917?
7
Calculate the greatest common divisor of 387 and 692235.
9
Calculate the highest common divisor of 240 and 39693760.
80
What is the highest common divisor of 242000 and 369776?
1936
Calculate the greatest common divisor of 42559 and 3688179.
803
Calculate the greatest common factor of 316 and 33987538.
158
What is the highest common divisor of 82987 and 40200509?
2677
Calculate the highest common divisor of 236170 and 180918650.
12430
What is the highest common divisor of 795225 and 5566?
23
Calculate the highest common factor of 1152 and 31970688.
384
Calculate the highest common divisor of 133 and 1361331.
19
Calculate the greatest common divisor of 743 and 323612907.
743
What is the highest common divisor of 143725191 and 102?
51
Calculate the greatest common factor of 275360 and 201357.
1721
What is the highest common factor of 4123 and 483455?
133
Calculate the greatest common divisor of 134 and 8085158.
134
What is the highest common divisor of 10940 and 5317380?
20
What is the highest common factor of 1572922 and 858?
26
What is the highest common factor of 2068733 and 2467263?
3623
Calculate the highest common factor of 80 and 193870.
10
Calculate the greatest common factor of 479631 and 4403.
37
What is the highest common factor of 5138 and 3130456?
14
Calculate the highest common divisor of 377856 and 23393616.
1968
What is the highest common divisor of 249870 and 49530?
30
What is the greatest common factor of 764 and 4162272?
764
What is the greatest common factor of 32175 and 21015225?
2475
What is the greatest common divisor of 2136307 and 1047780?
5821
Calculate the highest common factor of 73 and 2287601.
73
Calculate the highest common factor of 108397380 and 195.
195
What is the highest common factor of 3363877 and 105369?
1133
What is the highest common divisor of 34648998 and 54?
6
What is the greatest common factor of 18 and 18763074?
18
What is the highest common factor of 1315898 and 218197?
73
What is the greatest common divisor of 146632950 and 126?
18
What is the greatest common divisor of 2379617 and 209?
19
Calculate the greatest common factor of 128 and 1215368.
8
Calculate the highest common factor of 1783821 and 73723.
689
Calculate the highest common factor of 576015036 and 6.
6
Calculate the greatest common factor of 140 and 61508260.
20
Calculate the greatest common divisor of 232 and 308584.
8
Calculate the greatest common divisor of 37565 and 98780.
55
What is the highest common divisor of 30093183 and 873?
873
Calculate the highest common factor of 72 and 4975456.
8
Calculate the highest common factor of 582 and 6915130.
194
What is the highest common divisor of 3033 and 51780387?
1011
What is the greatest common factor of 1600 and 464128?
64
Calculate the highest common divisor of 14323727 and 104675.
4187
Calculate the highest common factor of 399019 and 456.
19
What is the highest common factor of 71921 and 4075117?
1219
Calculate the greatest common divisor of 318867 and 37209.
471
What is the highest common factor of 148180679 and 604?
151
What is the greatest common divisor of 2203542 and 125829?
3069
What is the greatest common divisor of 7107958 and 33462?
286
Calculate the highest common divisor of 182788408 and 968.
968
Calculate the highest common divisor of 176064 and 4464096.
672
What is the highest common factor of 627 and 678975?
33
What is the greatest common divisor of 4730 and 1303610?
110
What is the greatest common divisor of 60 and 118321932?
12
What is the highest common factor of 220 and 925431188?
44
Calculate the greatest common divisor of 252 and 46168220.
28
What is the greatest common factor of 17944 and 23?
1
What is the highest common factor of 1328 and 539251?
83
What is the highest common factor of 63190 and 2937890?
890
What is the greatest common factor of 1008032 and 478873?
289
Calculate the highest common factor of 84 and 1826844.
12
Calculate the highest common factor of 792 and 287724.
12
What is the greatest common divisor of 7097558 and 8?
2
What is the greatest common factor of 1985 and 7109?
1
Calculate the greatest common divisor of 12342803 and 5511.
1837
What is the greatest common factor of 28534130 and 10?
10
Calculate the highest common factor of 110211915 and 5.
5
What is the greatest common divisor of 87 and 232731815?
29
What is the highest common factor of 1319984 and 266?
2
Calculate the highest common factor of 28547249 and 173.
173
What is the highest common factor of 1077683 and 11772?
109
What is the greatest common factor of 43287 and 4731?
3
Calculate the highest common divisor of 98159680 and 352.
32
Calculate the greatest common divisor of 39 and 152747543.
13
Calculate the highest common divisor of 55 and 6505930.
5
What is the highest common divisor of 167343 and 355431?
1383
Calculate the greatest common factor of 183816 and 611869.
851
What is the highest common factor of 648 and 24176556?
324
What is the highest common divisor of 3561010 and 80?
10
Calculate the highest common divisor of 13496985 and 405.
45
Calculate the greatest common factor of 35960 and 133487.
29
Calculate the highest common divisor of 212878402 and 44.
22
Calculate the greatest common factor of 65120432 and 4056.
1352
Calculate the greatest common factor of 2800 and 2895725.
175
What is the highest common divisor of 48645 and 1305?
45
Calculate the greatest common divisor of 40204 and 5780383.
529
What is the highest common 